. What is the tens digit of n?
6
Let s(f) = f**2 + 4*f + 4. Let k be s(-3). Suppose -4*m = k - 9. Suppose -m*h - 2*h + 40 = 0. What is the units digit of h?
0
Let w = 5 - 2. Let u = -4 + w. What is the units digit of (6/(-10))/(u/5)?
3
Suppose -73*r + 76*r = 249. What is the units digit of r?
3
Let i(c) = c + 2. Let y be i(-2). Suppose 18 = 2*d - y*d. What is the units digit of d?
9
Suppose 3*v - 7 = -4*h, 0 = 4*h - 0*v - 4*v - 28. What is the units digit of (-3)/6 - (-6)/h?
1
Let h(u) = u**2 + 5*u - 3. What is the tens digit of h(-7)?
1
Let k = 14 - 17. What is the units digit of 3 - (-8)/(-12)*k?
5
Let u(f) = -11*f - 22. What is the tens digit of u(-25)?
5
Suppose 0*c - 4*c + 2*a + 122 = 0, 3*c + 4*a = 86. What is the units digit of c?
0
Suppose 0 = -o + 34 + 101. What is the hundreds digit of o?
1
Suppose 0 = -2*w + 4*w - 210. What is the hundreds digit of w?
1
Suppose 5*k = -82 - 23. Let a = k + 22. What is the units digit of a?
1
Suppose -3*y + 111 = -2*p, -y + 109 = p - 3*p. Let z = p - -100. What is the tens digit of z?
4
Let k = 492 + -133. What is the units digit of k?
9
Let r = 351 - 236. What is the units digit of r?
5
Let z(o) = 2*o - 4. What is the units digit of z(5)?
6
Let y(f) be the first derivative of f**4/4 - 3*f**2/2 - 3*f + 3. Let v be y(-3). What is the units digit of (-300)/v + 2/(-7)?
4
Let g(p) be the first derivative of -p**2/2 - 4*p + 1. Let h be g(-7). Suppose -4*d + 8 = -h*d. What is the units digit of d?
8
Let a(s) = -s**2 - 7*s - 4. Let z be a(-5). Suppose -p = p + z. Let g = 0 - p. What is the units digit of g?
3
Let x = -11 - -12. What is the units digit of x?
1
Let k = 5 - 4. Let t be (-1)/(3/9) + k. Let p = t + 11. What is the units digit of p?
9
Let w(p) = -p**2 - 2 + 0*p + 2*p + p**3 - 6 + 5. What is the units digit of w(2)?
5
Let n(b) = -9*b + 9. Let g be n(9). What is the tens digit of ((-4)/(-6))/((-4)/g)?
1
Suppose -3*q + 2*q + 58 = 0. What is the units digit of q?
8
Suppose -9*t - 52 = -11*t. What is the tens digit of t?
2
Let b be (-3)/(-1 - 0) + 74. Let p = b - 55. What is the units digit of (-4)/p - 13/(-11)?
1
Let p(h) = -6*h + 4. What is the hundreds digit of p(-17)?
1
Let f be (-10)/3*48/(-10). Let r = f - 9. What is the units digit of r?
7
Let f(i) be the first derivative of i**4/4 + 2*i**3 + 5*i**2/2 + 3*i - 1. What is the units digit of f(-3)?
5
Suppose o = b - 33, 5*b - 205 = -4*o - o. Let t = b + -25. What is the units digit of t?
2
Let q be 2 + (3 - (3 - 55)). Let g = -37 + q. What is the units digit of g?
0
Let c = 69 - 40. What is the units digit of c?
9
Let j(c) = -15*c + 12. Let h be j(-9). What is the units digit of (-5)/((-15)/h) + -3?
6
Let m(u) = u**3 + 2*u**2 - 4*u. Let z be m(-3). What is the units digit of (1 + -1 + 1)*z?
3
Suppose 3*x = k - 0 - 2, k - 5*x = -2. What is the units digit of k?
8
Let o(l) = l**2 - 12*l - 2. Let c(y) = y - 1. Let r(s) = -2*c(s) - o(s). Suppose 3*f - 4*m = 50, -2*f + 4*m + 70 = 3*f. What is the units digit of r(f)?
4
Let r = 335 + -189. What is the hundreds digit of r?
1
Let c(a) = a**3 + 11*a**2 - 13*a - 10. Let i be c(-12). Suppose i*k = -23 + 91. What is the tens digit of k?
3
What is the units digit of (3 + -8)/(-1) + 3?
8
Let d(b) = -b**2 - 2*b + 2. Let r be d(2). Let f = 14 - r. Suppose -f = -z - 4. What is the units digit of z?
6
Suppose 0 = -5*g + 9*g - 20. What is the units digit of g?
5
Let v(n) = -3*n**2 - 5*n + 5. Let x(g) = g**2 + 2*g - 2. Let j(z) = -3*v(z) - 7*x(z). What is the units digit of j(-3)?
4
Let g be -1*(-3)/6*38. Let x = g + -8. What is the tens digit of x?
1
Let k be 7 - (4 + (-1 - 1)). Suppose -d - k*r - 3 = 6, -56 = -4*d + 3*r. What is the units digit of d?
1
Let g(x) be the first derivative of x**3/3 + x**2/2 + 34*x - 3. Let u be g(0). Suppose -k = 3*f + k - 24, 4*f + 2*k - u = 0. What is the tens digit of f?
1
Suppose -83 = -2*m + g + 4*g, 4*m = -5*g + 151. What is the units digit of m?
9
Suppose -76 = -s + 3*s + j, s + 39 = -j. Let m = s + 52. Let t = m + -9. What is the units digit of t?
6
Let g = -35 + 59. What is the tens digit of g?
2
Let o(z) = z**2 - 12*z + 3. Let q be o(12). What is the units digit of 3 - (-2 - (q - -3))?
1
Suppose 5 = 3*g + 4*k, -4*k + 4 = 4*g - 4. Suppose -g*q + 1 + 2 = 0. What is the units digit of q?
1
Suppose -3*r + 0*r = -360. What is the hundreds digit of r?
1
Let a be 15*(-2 - (-12)/9). Let j = 18 + a. What is the units digit of 32/14 - j/28?
2
Suppose 4*a - 107 = -t, -5*a - 4*t + t = -125. What is the units digit of a?
8
Suppose 3*l = 4*m + 7*l - 20, 5*m = 3*l + 17. Suppose 0*w = -m*w. Suppose w = v + 2*x + 3*x + 4, 4*v - x = 5. What is the units digit of v?
1
Let t = -6 + 11. Suppose t*v - 3 = 3*h, -2*v - h + 2 = -2*h. Suppose 4*r = -5*c + 91, -v*r + 5*r + c = 41. What is the tens digit of r?
1
Let z = 13 - 11. Suppose 4*h = -4*p + 2*p + 68, 11 = h + z*p. What is the units digit of h?
9
Let u(i) = -i + 4. Let f be u(0). Suppose 4*r - 104 = -f. What is the units digit of r?
5
Let c = 143 + -92. What is the units digit of c?
1
Suppose -3*b + 12 = -b. Let t = b - 3. Suppose -3*c - 36 = -3*x, -3*x - t*c = -c - 26. What is the tens digit of x?
1
Suppose -25 = 2*l - 143. What is the units digit of l?
9
Let f(b) = b**2 + 2*b - 11. Let g be f(-6). Suppose -g = -3*i + 29. What is the units digit of i?
4
Suppose 258 + 30 = 2*v. What is the units digit of v?
4
Let w be (1 - 1)/((-10)/5). Suppose w = o - 4 - 7. What is the tens digit of o?
1
Let b = -58 - -13. What is the tens digit of b/(-18)*(-54)/(-5)?
2
Let t(p) = p**3 + 3*p**2 - 3. Let a be t(-3). Let b be 2 + 2*-1 + a. Let x = 9 - b. What is the units digit of x?
2
Let z(u) = 3*u - u + 8 + u - 2*u. What is the units digit of z(0)?
8
Let r = 25 + 0. What is the units digit of r?
5
Let h be (-36)/15*10/(-3). Let f = -5 + h. What is the units digit of f?
3
Let p be (-1 + -1 - -4)*-1. Let r(m) = -m + 4. Let u be r(-6). What is the units digit of (-287)/(-35) + p/u?
8
Let f = -32 - -52. What is the tens digit of f?
2
Let h(b) = b**3 - 8*b**2 + 9*b - 10. Let w be h(7). Suppose 0 = 4*f - 12 - w. What is the units digit of f?
4
Let d(t) = t + 41. What is the tens digit of d(-14)?
2
Let r(s) = -19*s**2 + 22*s**2 + 2 + 3*s + 25*s**2 + 9*s**2. What is the units digit of r(-1)?
6
Suppose 2*u - 926 = -4*q, 5*u - 705 = q - 4*q. Suppose -4*k + 152 = 6*i - 2*i, -q = -5*i + 5*k. What is the tens digit of i?
4
Suppose -4*w - 4*g = -272 + 96, 104 = 2*w - 2*g. What is the units digit of w?
8
Let l = -24 - -11. Let i = l - -26. Suppose -c + i = 4*d, d = -0*d + 2. What is the units digit of c?
5
Suppose -14*y + 9*y + 440 = 0. What is the tens digit of y?
8
Suppose 284 = 3*n - 16. Suppose 3*r = r + n. What is the tens digit of r?
5
Suppose -10 = x - 4*k, -x - 2*k - 2*k = -14. Suppose x*c - 28 = -2*c. What is the units digit of c?
7
Let p = -4 - -5. Let y = p + 3. What is the units digit of y?
4
What is the tens digit of (-1)/(3/(-129)) + 5 + -3?
4
Suppose 4*z + 2*l - 73 = 27, 26 = z + l. Suppose 5*y = -41 - 9. What is the units digit of (-6)/15 - z/y?
2
Suppose -12 = o - k - 40, 4*k - 8 = 0. What is the units digit of o?
0
Let x be 1/((-7)/(-12))*7. Let s = x + -2. What is the units digit of s?
0
Let m be (5 - -183) + 1*-4. Suppose -24 = 5*n - m. What is the units digit of n?
2
Let v be (-1)/(1*(-3)/(-60)). Let u = v - -35. What is the tens digit of u?
1
Let b(l) = -l**2 - 2*l + 4. Let q be b(-3). What is the units digit of q*1/4*12?
3
What is the units digit of (-13 - 1)*2/(-4)?
7
Let u(j) = 2*j - 7. Let w(p) be the first derivative of p**2 - 10*p - 1. Let m be w(8). What is the units digit of u(m)?
5
Let b(y) = 2*y + 4. Let t be b(4). Suppose 4*x + 0*x = t. What is the tens digit of x + 0 - (-10)/1?
1
Let q = 289 + -167. What is the hundreds digit of q?
1
Let x(f) = 3*f**2 + f - 4. Let s be x(-5). Suppose 3*l - s = -0*l. What is the tens digit of l?
2
Let f(a) = -a**3 + 4*a - 3. Let y be f(2). Let p(v) = v**2 + 2*v. What is the units digit of p(y)?
3
Let f = 30 - 9. What is the tens digit of f?
2
Let x(q) = q - 2. Let z be x(0). What is the tens digit of (2 - 17/2)*z?
1
Let o(v) = v**3 - 10*v**2 + 2*v - 12. Let w be o(10). Suppose 3*i + 252 = 5*a - 0*i, w = -2*i. Suppose -a = -0*n - 4*n. What is the tens digit of n?
1
Suppose 2*c - 7 = 3. Suppose -v - 30 = -